2. Calculate f(-4).
-2
Let i = -34 + 48. Let d be (-4)/i + 2/7. Let f(m) = m**3 + m**2 + m - 12. Give f(d).
-12
Suppose 0 = 5*k - 9 - 6. Suppose -2*w = w. Let o(q) = w + 2*q**2 - q**3 + 3*q + 2 - 5. What is o(k)?
-3
Let w(c) = -6*c**2 + 13*c - 9. Let t(x) = 5*x**2 - 12*x + 9. Let d(b) = -5*t(b) - 4*w(b). What is d(6)?
3
Let w(q) = -2*q - 6. Let f be w(-5). Let t(l) be the first derivative of l**4/4 - l**3 - l**2 - 3*l + 8. Determine t(f).
5
Suppose -238 - 42 = -5*j. Let o = -34 + j. Suppose -o = -2*f - 4*l, f - 25 = -f - 5*l. Let c(g) = -g**2 + 3*g + 1. Give c(f).
-9
Let b(q) = -q**2 + 6*q - 1. Let i be 20/(-8)*(-8)/5. Suppose 0 = -4*r + i*u + 12 + 24, -5*u - 17 = 2*r. What is b(r)?
7
Let b be (2 - -10) + (-1 - 2). Let h(i) = 4*i**2 + 4 - i**3 - 5 - 7 + b*i + 2*i**2. Determine h(7).
6
Let h(p) = 6*p - 3. Let c = 149 + -152. Let q(o) = -7*o + 4. Suppose w = 5*v - 7, 0 = -3*w - 3*v + 1 - 4. Let r(n) = c*h(n) + w*q(n). Give r(-1).
5
Let m(z) = 2*z**2 + 6*z - z**2 + 70 - 71. Calculate m(-4).
-9
Let q(d) be the third derivative of d**5/60 + d**4/6 - d**3 - 24*d**2. Calculate q(-5).
-1
Let a(n) = 9 - 10 - 2*n**2 - 7*n + 1. Give a(-5).
-15
Let d(t) = t**2 - 1 - 4*t + 4*t + 2*t**2 + t. What is d(1)?
3
Let t(x) = -14*x - 5. Let b(h) = -4*h - 1. Let v(q) = 9*b(q) - 2*t(q). Determine v(-1).
9
Let h(c) = 45*c + 30. Let w(r) = -9*r - 6. Let a(p) = 4*h(p) + 21*w(p). Determine a(-4).
30
Let o(k) = -k**2 + 4*k + 3. Suppose -7 = -3*v + 5. Suppose -2*g = -3*m + 3*g + v, 4*g = -3*m - 14. Give o(m).
-9
Let h(t) = -2*t**2 + 10*t. Let c be h(5). Let v(m) = 3*m + c - 2*m + 0. What is v(-2)?
-2
Let r(o) be the first derivative of 3*o**2/2 - 2*o + 37. Let s be (0 - 1) + (2 - -2). Give r(s).
7
Suppose 3*t + 0*w = 4*w - 20, 4*t = 4*w - 24. Let s be 1*-1*1*-2. Let c(f) = -3*f + 0 - s + 2*f. What is c(t)?
2
Let d(c) = -c**3 - 5*c**2 - 3*c - 7. Let r be ((-3)/6)/(2/244). Let v = -36 - r. Suppose 4*h + v = -h. Determine d(h).
8
Let i be (2/4)/(1/8). Let k = 3 - i. Let a(p) be the second derivative of p**5/10 + p**4/6 + p**3/6 - p. Give a(k).
-1
Let w(l) = l**3 - 2*l**2 - 7 + 0 - 5*l**2. Let j(i) = i**2 - 17*i - 53. Let f be j(20). Calculate w(f).
-7
Let x(y) = y**2 - 2*y - 2. Suppose -5*p - 18 = f, 6*p = 3*p - 6. Let i(t) = 4*t**2 - 6*t - 5. Let m(z) = f*x(z) + 3*i(z). Calculate m(1).
3
Let c be (5/4)/1*4. Suppose 0 = -c*n - 0*n - 20. Let a(h) be the second derivative of h**4/12 + h**3/3 - h**2 - h. Determine a(n).
6
Let o(h) = 3*h + 7. Let b(q) = -1. Let t(l) = 6*b(l) + o(l). Let w(g) = g**2 + 3*g. Let i be w(-4). Give t(i).
13
Let w(u) = u + 1. Suppose 5*a - 69 = -9. Let r be 2 - 8/a*3. Determine w(r).
1
Let p = -20 - -28. Let u(h) = -h - 3. Let s be u(-5). Let m = s - p. Let l(c) = -c**2 - 6*c + 6. Calculate l(m).
6
Let b(g) = g**2 + 5*g + 7. Suppose -5 - 31 = 6*o. Give b(o).
13
Let s(t) = -t**2 + 8*t - 8. Let r(k) = 3*k**2 - 4*k + 2. Let m be r(2). Calculate s(m).
4
Let u(i) = -i + 5. Let r(l) = 2*l - 11. Let h(q) = 6*r(q) + 13*u(q). Let m = -1 - -4. Calculate h(m).
-4
Let g(j) = -j**3 - 3*j**2 - 4*j - 3. Let d(z) = -4 - 1 + 2 - 10*z**2 - z**3 + 0. Let c be d(-10). Determine g(c).
9
Let b be 14 + -17 - 10/(-2). Let k(h) be the third derivative of 0*h - 3*h**b + 0*h**3 - 1/60*h**5 - 1/24*h**4 + 0. Determine k(-1).
0
Suppose 0 = -4*d - 6 + 22. Let w(p) = -2*p + 2. Calculate w(d).
-6
Suppose 0 = t + 2*t + 12. Let q(u) = -2*u - 2. Calculate q(t).
6
Let l(u) = -2*u + 1. Let k(y) = -y**2 + y + 2. Let i be k(0). Suppose b + i = 4. Calculate l(b).
-3
Let y(z) = -11*z**2 + z. Let j(g) = g**2 - 13*g - 13. Let v be j(14). Give y(v).
-10
Let c = -7 - -11. Let k be (3/(-2))/((-12)/16). Let m(g) = g + 2*g + c - k*g. Calculate m(3).
7
Let b(s) = 38*s**2 - 2*s**3 - 37*s**2 - 7*s**3 + s + s**3. Let y be (-2)/2 - (2 - 2). Calculate b(y).
8
Let u = 26 + -20. Let f(n) = u*n - 1 + 2*n - 7*n. What is f(-4)?
-5
Let t(p) = -p**3 - p**2 + 4*p + 3. Let x(r) = r**2 + 4*r + 6. Suppose 32 = -4*s + 4*y, 2*s + 3*y - 4 = -0*s. Let m be x(s). Let b = m - 8. What is t(b)?
-1
Let a(b) be the second derivative of b**4/24 + b**2 + 2*b. Let z(s) be the first derivative of a(s). Suppose 6*r = 4*r. Calculate z(r).
0
Let h = -6 - -4. Let v(a) be the second derivative of -1/6*a**4 + 0*a**2 + 0 - 1/20*a**5 - 2*a - 1/6*a**3. Give v(h).
2
Let u(h) = h**3 - 5*h**2 + 5*h + 3. Suppose -5*g = -n + 7, 4*g + 2 = -2*n + 4*n. Let c(z) = 2*z**2 + 3*z + z - z + 2. Let j be c(g). Determine u(j).
7
Let z(a) = a**2 - 6*a. Let n = -8 + 6. Let l be n/1*(-30)/(-12). Let v be 5 - 3/(l + 2). What is z(v)?
0
Let y(h) = 7*h**2 - 12*h + 8. Let u(c) = -6*c**2 + 11*c - 7. Let k(t) = 6*u(t) + 5*y(t). Calculate k(6).
-2
Let f(d) = 9*d - 1 - 4*d - 4*d. What is f(2)?
1
Let y(u) = 2 - 6 - 7*u**2 + 0*u**3 + 4*u**3 + 6*u - 3*u**3. Determine y(6).
-4
Let k(g) = g**3 - g**2 + 12. Let y(p) = p**3 + 13. Let h(j) = -6*k(j) + 5*y(j). Determine h(6).
-7
Let l(k) = k**3 + 6*k**2 + 3*k + 1. Let u = 17 + -22. Determine l(u).
11
Let c(z) = 3*z + 0 + 5 + 7 - 8. Calculate c(-5).
-11
Let l(w) = 8*w**2 - w - 1. Let b(z) = z**2 + 4*z + 2. Let t be b(-1). Give l(t).
8
Let a(j) = 2*j - 6*j - 2*j**2 + j**2 - 2 - 1. What is a(-5)?
-8
Let t(i) = 6*i - 1. Let s be -1*(1 - -2)*(-3)/(-9). Calculate t(s).
-7
Let w = -41 + 45. Let z(q) = -q**2 + 4*q. Determine z(w).
0
Suppose 0*x + 4*x + 80 = -2*r, 0 = 4*r - 8. Let s be 4/(-6) - 119/x. Let d(q) = -q**2 + 7*q - 7. Give d(s).
3
Let o = -9 + 10. Let i(t) = -o - 6 + 12*t**2 + 7. Determine i(-1).
12
Let k(i) = -2*i - 3. Let u(w) = -1. Let h(d) = 6*d + 3. Let o(t) = -h(t) - 4*u(t). Let s be 12/18 - (-2)/6. Let g be o(s). Calculate k(g).
7
Let u(t) = -t**3 - 3*t**2 + 5*t + 5. Let p = 3 - -4. Suppose 2*r = -3 + p. Suppose f + 2 = -r*d, -d - 4*d = 2*f + 3. Give u(f).
1
Let n(d) = -22*d**3 - 3*d**2. Let p(o) = -33*o**3 - 5*o**2. Let j(s) = -8*n(s) + 5*p(s). Determine j(-1).
-12
Let p(m) = 2*m**2 + 2*m - 1. Let q be p(-2). Suppose -4*l + q*h = -0*l + 24, -5*h + 18 = -3*l. Let t(r) = r**2 + 5*r. Give t(l).
6
Let i = 10 + -15. Let b(r) = -r**3 - 4*r**2 + 5*r + 4. Give b(i).
4
Let c(a) = a - 3. Let i(q) be the second derivative of -q**3/6 - q**2 + q. Let w be i(-7). Let o = w - 2. Calculate c(o).
0
Let f(y) = 0 - 3 + 4 + 9*y. Let c = 0 + 4. Suppose 1 = -c*z - 5*p + 2, 3*z + 4*p - 1 = 0. Determine f(z).
-8
Suppose -5*b = -0*b - 15. Let d(c) = -4 - 2 + c**3 + 4*c**2 - b*c + 0*c**2. What is d(-4)?
6
Suppose 5*t + 60 = -0*t. Let y be t + 6 + (1 - -2). Let a(k) = -2*k**2 - 2*k + 4. Determine a(y).
-8
Let w(b) be the first derivative of -b**2/2 + 3*b - 1. Let y(m) = 5*m. Let v be y(1). Suppose 0 = v*s + 21 + 4. Determine w(s).
8
Let j(l) = l**2 - 8*l - 4. Let d(z) = z**2 + 12*z - 5. Let o be d(-13). What is j(o)?
-4
Let c be -3*((4 - 8) + 3). Let s(a) be the third derivative of -2*a**2 + 1/6*a**4 + 0 + 0*a - 1/60*a**5 + 1/3*a**c. Calculate s(4).
2
Let l(o) = -o - 5. Let j = 12 - 18. Let i be l(j). Let w(g) = g - 6 - i + 2. Calculate w(4).
-1
Let i(v) = v**3 - v + 6. Let w(t) = t**3 + 3*t**2 - 11*t - 5. Let q be w(-5). Give i(q).
6
Let a(p) = 7 + 7 + 10*p + 4 - 19. What is a(-1)?
-11
Suppose 0*k - 5*k + 2*u + 26 = 0, 3*u + 9 = 0. Let t be -10*(68/20 - k). Let g(a) = -a + 3 - 3. Give g(t).
-6
Let r(h) = h**2 + 4*h - 2. Let a be r(-5). Let m(y) = 1 - 4*y**2 - 3*y**3 + a*y**2 + 0*y**2 + 13*y**3. Calculate m(1).
10
Let a(t) = 2*t + 2*t - 2*t - 5 - 3*t. What is a(0)?
-5
Let s = 74 + -74. Let i(g) be the third derivative of 1/60*g**5 - 1/6*g**3 + s*g + 0 + 1/24*g**4 - g**2. Calculate i(1).
1
Let f(k) = -k**3 - 7*k**2 - 5*k + 5. Let r(n) = -3*n**3 - 21*n**2 - 15*n + 15. Let q(t) = -11*f(t) + 4*r(t). Calculate q(-6).
-1
Let o(b) = 6 + 3*b**2 + 4*b - 3 - 4*b**2. Let l = 7 + -5. Suppose -2*u + 20 = -l*j, -7*j + 3*j = 3*u + 5. Determine o(u).
-2
Let l(s) be the third derivative of -1/20*s**5 + 0*s + 0 - 1/3*s**3 + 1/120*s**6 + 1/8*s**4 - s**2. Let i be (-1)/((-1 - -2)/(-2)). Calculate l(i).
0
Suppose 1 = 5*l - 4. Let o be -3*l*4/(-3). Let i(c) = 5*c**2 + 12*c. Let b(z) = -6*z**2 - 16*z. Let k(h) = -4*b(h) - 5*i(h). Determine k(o).
0
Let p be -4 + (-14)/(-4) - (-2)/(-4). Let z(w) = -3*w**3 - w**2. Calculate z(p).
2
Let n = 2 - -3. Let q(b) = -b**3 + 2*b**2 - 2*b - 3. Let s(w) = 2*w**3 - 5*w**2 + 3*w + 6. Let k(r) = 5*q(r) + 3*s(r). Calculate k(n)